-4*c + 162 + 172. What is the remainder when c is divided by a(-11)?
14
Let l = 0 - -1. Calculate the remainder when (-25)/10*42/(-35) is divided by l.
0
Let c be (-1 + 0)/(2/(-406)). Suppose c = 4*s + 43. What is the remainder when s is divided by 11?
7
Suppose 0 = 8*o - 3*o - 230. What is the remainder when o is divided by 7?
4
Calculate the remainder when -3*(-6)/(-18) - -73 is divided by 27.
18
Let u(f) = f**2 + 29*f - 74. Calculate the remainder when 86 is divided by u(-32).
20
Let g = -6695 - -6792. Let b(d) = 0*d + 7*d - 8 - 1. Calculate the remainder when g is divided by b(6).
31
Let n(f) = -3*f + 1. Let o(r) = -r**2 + r. Let s be o(2). Let w(g) = 3*g + 2. What is the remainder when n(s) is divided by w(0)?
1
Suppose 28*m + 150*m - 3738 = 0. Calculate the remainder when 330/4 - (-2)/(-4) is divided by m.
19
Let c be -31*2/8 - 2/8. What is the remainder when 117 is divided by (48/(-9))/(-2)*(-60)/c?
17
Let r = -178 + 247. What is the remainder when r is divided by 3?
0
Let r(n) = -n**3 + 6*n**2 - 5*n + 7. Let i be r(4). Let j be ((-76)/(-6))/(2/(-6)). Let f = i - j. What is the remainder when f is divided by 20?
17
Let m(z) = -78*z**3 + 26*z**2 + 51*z + 1. Calculate the remainder when m(-2) is divided by 205.
12
Let f(d) be the third derivative of -d**5/60 + d**4/4 + 7*d**3/6 + 5*d**2. Let l = 87 - 42. What is the remainder when l is divided by f(5)?
9
Let f be ((-5)/4)/((-5)/20). Suppose -f*q + 52 + 63 = 0. Calculate the remainder when 112 is divided by q.
20
Suppose 3*q - 153 - 447 = 0. Suppose -9*f - 52 - q = 0. Let h = f + 31. Calculate the remainder when 8 is divided by h.
2
Let t(h) = 3*h**2 - 6*h - 7. Let g be t(-5). Suppose g = -4*o + 658. What is the remainder when o is divided by 13?
10
Suppose 13 = g - 2. Let d be (1 - 0)*(-8)/(-4). Let r(z) = 6*z**3 - 3*z**2 + 2*z + 2. Calculate the remainder when r(d) is divided by g.
12
Suppose -5*k = -3*u + 45 + 8, k = -4. Let w = -95 + 137. Calculate the remainder when w is divided by u.
9
Let z = -6 + 39. Let j = 116 + -65. Let d = j - z. Calculate the remainder when 50 is divided by d.
14
Suppose s = -3*y - 8 + 57, 5*y - 10 = 0. Suppose -s = -3*o + 2. Suppose 4*c - 11 = 157. Calculate the remainder when c is divided by o.
12
Suppose 5*t - 5*s = 99 + 226, 0 = -t - s + 69. Calculate the remainder when t is divided by 12.
7
Suppose -4*b = 5*w - 3*b - 22, 2*w - 4*b = 0. Suppose -39 = -w*d + 13. Calculate the remainder when (108/48)/((-9)/(-204)) is divided by d.
12
Let b(r) = 3*r**2 + 6*r - 1. Let v be b(-6). Let t(g) = 131*g**3 - v*g**3 - 63*g**3 - 3*g - 3*g**2. Calculate the remainder when 33 is divided by t(-2).
15
Let i = 7 + 59. Let v = 81 + -58. Calculate the remainder when i is divided by v.
20
What is the remainder when 148 is divided by (63/15)/((-7)/(-280)*12)?
8
Suppose 4*w + 3*f + 61 = 4*f, f + 29 = -2*w. Let b(a) = a**3 + 15*a**2 - 6*a - 30. Calculate the remainder when b(w) is divided by 22.
16
Suppose 0 = -n + 5*h - 26, 3*n - 2*h + 14 = 2*n. Let s(v) = v**3 + 6*v**2 - 2*v - 1. Calculate the remainder when s(n) is divided by 12/(-8)*-1 - 36/(-8).
5
Suppose 3*t - 5*j = 21, -10 = 3*t + 5*j - 1. Suppose h - 2*f - 6 = -3*f, -h + t = 2*f. Calculate the remainder when 29 is divided by h.
9
Suppose 0 = -3*g - 4*a + 62, -27 = -3*g + 5*a + 44. What is the remainder when g is divided by 3?
1
Calculate the remainder when 583 is divided by -7 + 840/((-40)/(-5)).
93
Let w = -239 - -295. Calculate the remainder when 201 is divided by w.
33
Let m be 3 + (44 - (5 + -2)). Suppose 3 = j - m. Calculate the remainder when j is divided by 16.
15
Let f = 275 + 23. What is the remainder when f is divided by 12?
10
Let n be (-2)/8 + (-540)/16. Let l = -159 - n. What is the remainder when l/2*(-8)/10 is divided by 13?
11
Let q(i) = -i**3 + 33*i**2 - 27*i - 102. Calculate the remainder when q(32) is divided by 24.
10
Suppose 2*h - 95 = -3*b + 119, 5*b - 100 = -h. Calculate the remainder when (-18)/(-5)*h*1/3 is divided by 45.
42
Suppose 1396 = 3*u - 2*u. Suppose -51*j = -55*j + u. What is the remainder when j is divided by 22?
19
What is the remainder when 131 is divided by (-33)/(-9)*3/1?
10
Suppose -8*d = -13*d + 60. Suppose -7*k + d = -6*k. Calculate the remainder when 58 is divided by k.
10
Suppose -11*h - 18 = -13*h. Suppose -4*p + 4 = 4*t, 5*p - 7 = -2*t + 1. Calculate the remainder when h is divided by 2 + -1 + (p - 0).
0
Suppose 0 = -4*q + 5*r + 32 - 6, 2*q + 4*r = 0. Let x be (-3)/(-9) - (-16)/(-3). Let k = x - -6. Calculate the remainder when q is divided by k.
0
Let f = -25 + 48. Calculate the remainder when 4*(-43)/12*((-2 - 1) + 0) is divided by f.
20
Let q(f) = f**2 - 5*f - 22. Let i(a) = -a**3 - 8*a**2 - 9*a - 5. Let l be i(-7). Calculate the remainder when 52 is divided by q(l).
10
Suppose 2*o + 5 = -3*u, 3*o + 4*u = u. Let n be (23/2)/((-3)/6). Let v = n - -40. Calculate the remainder when v is divided by o.
2
Let p(v) = v**3 + 3*v**2 - 7*v + 5. Let w be p(2). Suppose -16*l = -w*l - 215. What is the remainder when l is divided by 11?
10
Suppose -5*c + 12 + 32 = 3*j, 117 = 4*j - 5*c. Suppose 104 = x - 5*t, -t - 6 = -3*t. Let m = -51 + x. Calculate the remainder when m is divided by j.
22
Let g = 304 + -286. Calculate the remainder when 233 is divided by g.
17
Let l(n) = -n + 21. Let v = -41 - -53. Calculate the remainder when 51 is divided by l(v).
6
Let f be -4 + 2 + 6*2. Suppose 0 = g - 2*r + 8 - 0, 0 = 3*r + 3. Calculate the remainder when 4 is divided by 15/g + f/4.
0
Suppose 3*h + 3*h - 18 = 0. Suppose 0 = 4*f - 4*q - 60, -2*f - 3*f - 3*q = -43. Suppose -h = -7*t + f. Calculate the remainder when t is divided by 2.
0
Suppose 0 = 3*v - 6*o + 2*o + 4, -2*o = -8. Calculate the remainder when 6 is divided by (-8)/(-12)*-6*v/(-16).
0
Let l(f) = f + 8. Let c be l(-4). Suppose o - 4*i + 19 = 0, -63 = c*o - 7*i + 4*i. What is the remainder when 25 is divided by -4*(-4)/(-8) - o?
12
What is the remainder when 1167 is divided by 84/48 + (-342)/(-24)?
15
Let v(o) = 5*o**3 + o**2 + 3*o - 2. Suppose 3*z = z + 4. Let w be v(z). Suppose -23 - w = -r. Calculate the remainder when r is divided by 18.
17
Calculate the remainder when 10 is divided by (2295/18)/17 - (-1)/(-2).
3
Let r = -3911 - -3926. What is the remainder when (2 - 19)/((-2)/10) is divided by r?
10
Let z(u) = 8*u**3 - 35*u**2 - 13*u + 1. Calculate the remainder when 301 is divided by z(5).
57
Suppose -2*s - 4*o + 57 = 3*s, 4*o = s + 3. Let r(v) = -v**3 - 5*v**2 - 5*v - 1. Suppose 3*p + 15 - 3 = 0. Calculate the remainder when s is divided by r(p).
0
Let b = -70 + -24. Let y = -51 - b. Let i = y + -17. What is the remainder when i is divided by 7?
5
Let d be (-8)/(4/(-3) + 1). Calculate the remainder when (1 + -2)/(-8 - 4870/(-610)) is divided by (d/(-5))/(6/(-20)).
13
What is the remainder when (-2)/(-4)*4 - -2 - -5 is divided by 7?
2
Suppose 5*g = 2*m + 645, -g + 3*m + 111 = -m. Suppose v - 3*o - g = -8*o, -v + 91 = -3*o. Let k = 37 - 10. Calculate the remainder when v is divided by k.
25
Suppose 2*a + 120 = 5*a. What is the remainder when a is divided by 21?
19
Let o(k) = -k**2 + 1. Let m be o(4). Let d be 10*(132/m - -2). Let v = -44 - d. Calculate the remainder when 45 is divided by v.
21
Let w = -19 - -22. Let c be w*-1*(-12)/18. Calculate the remainder when ((-3)/(-9))/(c/318) is divided by 11.
9
Let b = -946 - -974. Calculate the remainder when 417 is divided by b.
25
Suppose 0 = -4*b - 12, 6*z = 4*z - 2*b + 82. What is the remainder when 154 is divided by z?
22
Let y = 221 - 134. Calculate the remainder when y is divided by 34.
19
Let z(w) = -w**3 - w**2 + 5*w + 4. Calculate the remainder when z(-4) is divided by -24*(11 - (-138)/(-12)).
8
Suppose 0 = 26*n - 27*n - 4*x + 55, -2*n + 3*x + 99 = 0. Calculate the remainder when 406 is divided by n.
49
Let f = 42 + -23. Let a = 12732 - 12717. What is the remainder when f is divided by a?
4
Suppose -v = -3*l + 263, -l = -6*l - 2*v + 442. What is the remainder when 19 is divided by l/16 - (-6)/(-4)?
3
Suppose -32 = -2*k - 6*k. Calculate the remainder when 35 is divided by k.
3
Suppose 4*a - 2*a - 6 = -3*t, 5*t = 0. Suppose a*l - g - 50 = 0, 4*l - 4*g - 89 = -17. Let o = 58 - 11. What is the remainder when o is divided by l?
15
What is the remainder when (6/8)/(39/3796) is divi